484?
8
What is the ten thousands digit of 72672?
7
What is the tens digit of 2025200?
0
What is the ten thousands digit of 792179?
9
What is the hundreds digit of 11624060?
0
What is the ten thousands digit of 511406?
1
What is the units digit of 1266884?
4
What is the ten thousands digit of 255191?
5
What is the hundreds digit of 32722605?
6
What is the millions digit of 12182069?
2
What is the millions digit of 29984255?
9
What is the units digit of 33020522?
2
What is the hundreds digit of 702711?
7
What is the hundreds digit of 2797531?
5
What is the thousands digit of 3119460?
9
What is the hundreds digit of 30677195?
1
What is the units digit of 1798998?
8
What is the thousands digit of 2659389?
9
What is the units digit of 21458?
8
What is the ten thousands digit of 13077766?
7
What is the hundreds digit of 821388?
3
What is the ten thousands digit of 42174?
4
What is the ten thousands digit of 4103960?
0
What is the hundred thousands digit of 2311725?
3
What is the hundreds digit of 3181909?
9
What is the millions digit of 1463663?
1
What is the ten thousands digit of 6921289?
2
What is the tens digit of 732061?
6
What is the hundred thousands digit of 1006909?
0
What is the units digit of 285867?
7
What is the thousands digit of 14216738?
6
What is the millions digit of 9342102?
9
What is the units digit of 72924?
4
What is the units digit of 12868022?
2
What is the hundreds digit of 500508?
5
What is the units digit of 21118935?
5
What is the thousands digit of 19432539?
2
What is the units digit of 7246717?
7
What is the ten thousands digit of 296097?
9
What is the millions digit of 1027524?
1
What is the hundreds digit of 752795?
7
What is the hundreds digit of 16277416?
4
What is the units digit of 268520?
0
What is the hundred thousands digit of 6358235?
3
What is the ten millions digit of 25060830?
2
What is the hundreds digit of 223455?
4
What is the thousands digit of 4688287?
8
What is the hundred thousands digit of 3197644?
1
What is the tens digit of 787927?
2
What is the hundred thousands digit of 14723491?
7
What is the ten thousands digit of 6731653?
3
What is the units digit of 4326129?
9
What is the tens digit of 6310565?
6
What is the hundred thousands digit of 21338536?
3
What is the hundreds digit of 191?
1
What is the millions digit of 3448123?
3
What is the hundreds digit of 247633?
6
What is the ten thousands digit of 31634874?
3
What is the ten thousands digit of 122339?
2
What is the tens digit of 8050431?
3
What is the thousands digit of 4141039?
1
What is the hundred thousands digit of 1634236?
6
What is the hundreds digit of 4063298?
2
What is the thousands digit of 6970977?
0
What is the units digit of 2046194?
4
What is the hundreds digit of 532758?
7
What is the ten thousands digit of 358214?
5
What is the ten thousands digit of 367348?
6
What is the thousands digit of 9920?
9
What is the millions digit of 3675809?
3
What is the units digit of 2926893?
3
What is the ten thousands digit of 2206896?
0
What is the ten thousands digit of 543651?
4
What is the hundreds digit of 20672952?
9
What is the millions digit of 1209155?
1
What is the hundred thousands digit of 26033481?
0
What is the units digit of 1413?
3
What is the thousands digit of 1915012?
5
What is the hundred thousands digit of 16456943?
4
What is the hundred thousands digit of 2366168?
3
What is the thousands digit of 739346?
9
What is the units digit of 1502945?
5
What is the thousands digit of 2251354?
1
What is the ten millions digit of 11853087?
1
What is the units digit of 201976?
6
What is the units digit of 682922?
2
What is the thousands digit of 64955?
4
What is the units digit of 693831?
1
What is the ten thousands digit of 106399?
0
What is the hundreds digit of 5414650?
6
What is the units digit of 153930?
0
What is the millions digit of 6100015?
6
What is the tens digit of 22034497?
9
What is the units digit of 720520?
0
What is the thousands digit of 2492401?
2
What is the thousands digit of 8017604?
7
What is the thousands digit of 3240904?
0
What is the ten thousands digit of 67447?
6
What is the tens digit of 2491179?
7
What is the ten thousands digit of 163153?
6
What is the ten thousands digit of 22470574?
7
What is the units digit of 1351241?
1
What is the thousands digit of 105309?
5
What is the hundreds digit of 477778?
7
What is the tens digit of 593134?
3
What is the ten thousands digit of 4448971?
4
What is the hundreds digit of 17513?
5
What is the tens digit of 15338691?
9
What is the thousands digit of 1127689?
7
What is the hundreds digit of 246442?
4
What is the millions digit of 4343909?
4
What is the thousands digit of 13537230?
7
What is the hundred thousands digit of 569588?
5
What is the millions digit of 4354430?
4
What is the hundred thousands digit of 622461?
6
What is the ten thousands digit of 307026?
0
What is the tens digit of 85565?
6
What is the millions digit of 5293279?
5
What is the hundred thousands digit of 12780771?
7
What is the hundred thousands digit of 5968892?
9
What is the ten thousands digit of 3415582?
1
What is the tens digit of 672400?
0
What is the ten thousands digit of 486321?
8
What is the ten millions digit of 37028748?
3
What is the ten thousands digit of 1669926?
6
What is the millions digit of 1335694?
1
What is the ten thousands digit of 657140?
5
What is the ten thousands digit of 2333588?
3
What is the hundred thousands digit of 152555?
1
What is the units digit of 21484818?
8
What is the hundred thousands digit of 104712?
1
What is the units digit of 1209864?
4
What is the ten thousands digit of 2990821?
9
What is the thousands digit of 22287797?
7
What is the ten thousands digit of 188721?
8
What is the units digit of 4974751?
1
What is the hundreds digit of 144704?
7
What is the tens digit of 171638?
3
What is the hundreds digit of 2279738?
7
What is the ten thousands digit of 2732515?
3
What is the units digit of 211969?
9
What is the hundreds digit of 1343109?
1
What is the tens digit of 13030207?
0
What is the hundreds digit of 5506271?
2
What is the units digit of 9520001?
1
What is the ten thousands digit of 292283?
9
What is the hundreds digit of 13094425?
4
What is the hundreds digit of 485702?
7
What is the millions digit of 7636625?
7
What is the ten thousands digit of 486114?
8
What is the tens digit of 5063936?
3
What is the thousands digit of 4917580?
7
What is the hundreds digit of 626230?
2
What is the thousands digit of 15853600?
3
What is the thousands digit of 355980?
5
What is the hundreds digit of 538342?
3
What is the thousands digit of 7689394?
9
What is the thousands digit of 28566?
8
What is the tens digit of 24244569?
6
What is the hundreds digit of 213853?
8
What is the units digit of 176326?
6
What is the millions digit of 31427982?
1
What is the hundreds digit of 6441211?
2
What is the hundreds digit of 486320?
3
What is the units digit of 4225768?
8
What is the ten thousands digit of 9122780?
2
What is the hundred thousands digit of 1028303?
0
What is the hundred thousands digit of 359935?
3
What is the tens digit of 3796498?
9
What is the tens digit of 14327575?
7
What is the thousands digit of 265221?
5
What is the ten thousands digit of 2117980?
1
What is the thousands digit of 3761004?
1
What is the ten thousands digit of 973091?
7
What is the thousands digit of 614929?
4
What is the millions digit of 2957652?
2
What is the hundreds digit of 216149?
1
What is the hundreds digit of 401015?
0
What is the tens digit of 31831963?
6
What is the ten millions digit of 25582377?
2
What is the millions digit of 13322288?
3
What is the ten thousands digit of 1487236?
8
What is the tens digit of 63694?
9
What is the hundred thousands digit of 445620?
4
What is the units digit of 143500?
0
What is the millions digit of 2045220?
2
What is the ten thousands digit of 8507686?
0
What is the tens digit of 266740?
4
What is the thousands digit of 213403?
3
What is the tens digit of 9928502?
0
What is the ten thousands digit of 1210847?
1
What is the thousands digit of 34927?
4
What is the hundreds digit of 255127?
1
What is the ten thousands digit of 1124216?
2
What is the units digit of 825795?
5
What is the units digit of 133395?
5
What is the units 